{"id":416,"date":"2025-07-09T22:09:26","date_gmt":"2025-07-09T22:09:26","guid":{"rendered":"https:\/\/valledevida.cl\/?post_type=product&#038;p=416"},"modified":"2026-04-21T18:48:30","modified_gmt":"2026-04-21T18:48:30","slug":"tensio-nat-pack-3-frascos","status":"publish","type":"product","link":"https:\/\/valledevida.cl\/?product=tensio-nat-pack-3-frascos","title":{"rendered":"Tensio Nat &#8211; Pack 3 frascos"},"content":{"rendered":"<div><strong>Cada frascos contiene 60 c\u00e1psulas<\/strong><\/div>\n<div><strong>Se recomienda 1 a 2 c\u00e1psulas\u00a0por d\u00eda<\/strong><\/div>\n<p><img decoding=\"async\" class=\"an1\" draggable=\"false\" src=\"https:\/\/fonts.gstatic.com\/s\/e\/notoemoji\/16.0\/1fa7a\/32.png\" alt=\"\ud83e\ude7a\" data-emoji=\"\ud83e\ude7a\" aria-label=\"\ud83e\ude7a\" \/>\u00a0<strong>Cuidado natural para la presi\u00f3n arterial<\/strong><\/p>\n<p><strong>Beneficios:<\/strong><\/p>\n<ul>\n<li>Ayuda a mantener una presi\u00f3n arterial saludable de forma natural.<\/li>\n<li>Apoya la circulaci\u00f3n sangu\u00ednea y la salud del coraz\u00f3n.<\/li>\n<li>Contribuye a la relajaci\u00f3n de los vasos sangu\u00edneos.<\/li>\n<li>F\u00f3rmula natural sin efectos secundarios de medicamentos tradicionales.<\/li>\n<\/ul>\n<p><img decoding=\"async\" class=\"an1\" draggable=\"false\" src=\"https:\/\/fonts.gstatic.com\/s\/e\/notoemoji\/16.0\/2728\/32.png\" alt=\"\u2728\" data-emoji=\"\u2728\" aria-label=\"\u2728\" \/>\u00a0<em>Especial para quienes buscan controlar su presi\u00f3n sin qu\u00edmicos agresivos.<\/em><\/p>\n<p>Ingredientes:<br \/>\n\u2013 Algas marinas pardas 150 mg<br \/>\n\u2013 Hoja de olivo 150 mg<br \/>\n\u2013 Perejil 100 mg<br \/>\n\u2013 Ajo 50 mg<br \/>\n\u2013 \u00c1cido c\u00edtrico y benzoato de sodio (C.S.P.)<br \/>\nBeneficios:<br \/>\n\u2013 Ayuda al control natural de la presi\u00f3n arterial.<br \/>\n\u2013 Favorece la salud cardiovascular.<\/p>\n<p>&nbsp;<\/p>\n","protected":false},"excerpt":{"rendered":"<p>60 c\u00e1psulas cada frasco<\/p>\n","protected":false},"featured_media":937,"comment_status":"open","ping_status":"closed","template":"","meta":{"om_disable_all_campaigns":false},"product_brand":[],"product_cat":[26],"product_tag":[],"class_list":{"0":"post-416","1":"product","2":"type-product","3":"status-publish","4":"has-post-thumbnail","6":"product_cat-salud-circulatoria-y-cardiovascular","8":"first","9":"outofstock","10":"taxable","11":"shipping-taxable","12":"purchasable","13":"product-type-simple"},"jetpack_sharing_enabled":true,"_links":{"self":[{"href":"https:\/\/valledevida.cl\/index.php?rest_route=\/wp\/v2\/product\/416","targetHints":{"allow":["GET"]}}],"collection":[{"href":"https:\/\/valledevida.cl\/index.php?rest_route=\/wp\/v2\/product"}],"about":[{"href":"https:\/\/valledevida.cl\/index.php?rest_route=\/wp\/v2\/types\/product"}],"replies":[{"embeddable":true,"href":"https:\/\/valledevida.cl\/index.php?rest_route=%2Fwp%2Fv2%2Fcomments&post=416"}],"wp:featuredmedia":[{"embeddable":true,"href":"https:\/\/valledevida.cl\/index.php?rest_route=\/wp\/v2\/media\/937"}],"wp:attachment":[{"href":"https:\/\/valledevida.cl\/index.php?rest_route=%2Fwp%2Fv2%2Fmedia&parent=416"}],"wp:term":[{"taxonomy":"product_brand","embeddable":true,"href":"https:\/\/valledevida.cl\/index.php?rest_route=%2Fwp%2Fv2%2Fproduct_brand&post=416"},{"taxonomy":"product_cat","embeddable":true,"href":"https:\/\/valledevida.cl\/index.php?rest_route=%2Fwp%2Fv2%2Fproduct_cat&post=416"},{"taxonomy":"product_tag","embeddable":true,"href":"https:\/\/valledevida.cl\/index.php?rest_route=%2Fwp%2Fv2%2Fproduct_tag&post=416"}],"curies":[{"name":"wp","href":"https:\/\/api.w.org\/{rel}","templated":true}]}}